-2) - (15 + -82 + 51))
71
What is 181 + 49 + -135 + -59?
36
Calculate 75 + -12 + -116 + (12 + 9 - 3).
-35
Evaluate (13 - -1) + 25 + (13 - (14 - -28)) - 7.
3
Calculate (-552 - -581) + -3 + -13 + 0 + 4.
17
Calculate -3 + 5 + -10 + (-32 - 5 - -44) + -27.
-28
Evaluate (-22 + -20 - -8) + (2 - 7) + 6.
-33
What is the value of -7 + (1 - -6 - (-14 + -46)) - 7?
53
What is the value of 89 + 1 - (3649 - 3599)?
40
What is -13 + (14 - (16 + -65)) + -10?
40
What is the value of -72 + (19 - (-35 + 34))?
-52
19 + 7 + -21 + -2 + (2 + -5 - 12)
-12
What is -8 + -21 + 8 + 9 + -19?
-31
What is (-1 - (10 + -91)) + (10 - 1) + (10 - 8)?
91
Calculate 12 + -16 - (-21 - -29 - (0 + 6)) - 22.
-28
Calculate 37 - 1 - (428 + -447).
55
Calculate -50 + -14 + 69 + -47.
-42
-10 + (21 - (-8 + 20 - 20))
19
What is the value of 15 + (-10 - -8) - (-24 + 39) - 24?
-26
73 + -3 + -6 + (23 - -10 - 34)
63
What is -112 + -12 + -80 + 157?
-47
What is (4 + 8 + -31 - -11) + (1 - -11)?
4
What is the value of 14 + ((-17 - -9) + 28 - -23)?
57
Evaluate 29 + -7 - (-226 + 170).
78
Evaluate -4 - (-16 - -19) - (-62 + 24 - (0 - -1)).
32
44 - 0 - (3262 + -3261)
43
What is the value of -1339 + 1300 - (-80 + -2)?
43
Calculate 15 + 0 + (-18 - -11 - 30) + (1 - -6).
-15
(204 - (164 + -43)) + -98
-15
Calculate (212 - 210) + (-2 - -57) + (-6 - 2 - -2).
51
-66 + (2 - (3 + -1) - (-102 - -97))
-61
What is the value of (-82 - -2) + -1 + (-11 + -2 - (20 - 32))?
-82
Calculate -4 + 21 + -42 + 18 - ((1 - 9) + -14).
15
What is (17 - -31) + (-2 - 19) + -24 + -1 + 1?
3
Calculate -2 - 13 - (-224 + 323).
-114
16 - (-17 - (-4 - 32))
-3
What is -48 + 10 + (-15 - -56)?
3
Calculate -1 + 1 + -3 + -47 + 221 + -121.
50
Evaluate (-33 + 63 - 13) + 5 + (83 - 5).
100
Calculate -8 - (10 - 17) - (-43 - -60).
-18
What is (-27 - 4) + -21 + 24 + -8?
-36
(-9 - (-3 + 4) - 1) + (271 - 236)
24
What is 100 - (-22 - -69) - (0 + 4 - -5)?
44
Evaluate (11 - (-8 - (-12 - (-9 + 4)))) + -52.
-40
What is the value of -40 + (-61 - -118) + (-4 - (-5 + -3))?
21
What is 43 + -109 + 104 + (4 - 13) + 4?
33
-117 + 140 + 58 + 2 + -35
48
What is the value of (15 + -11 + (-1 - -12) - 52) + (0 - -3)?
-34
What is the value of -5 - (-11 - (-6 + -2 + 0)) - 9?
-11
0 + -17 - (-15 + -25 + -40 + 122)
-59
Evaluate -30 + (19 - (28 + 9)) - -17.
-31
Evaluate 112 + (-44 + 39 - -37) + -50.
94
What is the value of 109 + (-10 - 14) - ((5 - 1) + (-3 - 6))?
90
Calculate (149 - -9) + -1167 + 1126.
117
-1 - 16 - (17 - 17) - (596 - 680)
67
What is the value of 10 + (8 - (5 + -10 - -2)) + (-10 - -11)?
22
Calculate -79 + 0 + 4449 + -4450.
-80
What is the value of 9 - (19 + 0 + -19 + -26)?
35
-10 + (98 + -104 - (88 - -1)) - -8
-97
5 + ((-111 - -19) + -9 - (4 + -19 + 2))
-83
What is the value of (1 + -3 - -4) + -1 + (-19 + -28 - -41)?
-5
2 - (0 + 8) - ((-10 - -74) + -103)
33
Evaluate (10 - 58) + 13 - -50 - (0 + 0 + 7).
8
What is (-7 - (-13 - (-11 + 23) - 2)) + 13?
33
6 - (7 + (383 + -488 - (2 + 7 + -2)))
111
Calculate -187 + 193 + 48 + -20.
34
Calculate -253 + 189 - (-44 + 7).
-27
Evaluate 18 + 41 + -3 + (9 - -1) + 13.
79
What is (-19 - 38) + 11 - (4 + -8 + -3 + 1)?
-40
-177 + 58 + (72 - 16)
-63
(13 - (-14 + 2 + 6)) + -1
18
5 - 6 - (62 + -33)
-30
What is -9 + 23 + -43 + 23 + -8 + -5 + 4?
-15
What is the value of -30 - (24 + -77 + 37)?
-14
Calculate -47 + (-1 - (1 + 2 + -13)) + -8.
-46
(-6 + -44 - -29) + 30 + -77
-68
Evaluate 5333 + -5341 - ((2 - 3 - (-4 + 3)) + 74).
-82
Evaluate -21 + -97 + 52 - -113.
47
What is 23 + -4 + -15 - 100 - (2 + (16 - 3))?
-111
Calculate -24 - (-101 - -106 - (5 - (1 + -4))).
-21
What is the value of -79 - (-16 + 9) - (-163 + 193)?
-102
What is the value of (-101 + 55 - -67) + -2 + -11?
8
What is the value of (-42 - -48) + 7 + (2 - 40)?
-25
-2 + -11 + -2 + (-8 - (-49 - (-45 - -30)))
11
What is the value of 107 + 109 + -221 + 38?
33
What is (0 - -50) + (-7 - -16 - -1) - 12?
48
22 + -171 + 160 + (0 + 2 - (2 - -76))
-65
Calculate 3 - (-8 - -38) - (-56 - 2).
31
What is -89 + -94 + 221 + (-3 - -1) + 8?
44
-2 + -4 - 9 - (7 - (-50 - 5))
-77
What is the value of (5 - -36) + (9 - (15 - (7 - 2) - -2))?
38
What is the value of (76 - (-31 - -4)) + -60?
43
101 - 87 - (-32 + -5 + -14 + 28)
37
-10 - (13 - (0 + 7) - -18)
-34
29 - (-25 + -19) - (2 - -22)
49
What is 40 + 6 + -54 + (-2 + 26 - 0) + 2?
18
(-10 - -1) + (-4 - (27 + 19 - 6))
-53
What is -27 - -1 - ((-2 + -13 - (-607 - -578)) + -26)?
-14
(2 - -1) + -23 + -62 + 107
25
Calculate (-30 - -26 - -9) + (6 - 15) - -46.
42
What is the value of (-1 - (26 - 2) - 9) + 0 + 0?
-34
Evaluate (227 + -225 - (0 + 0)) + 75 + 23.
100
Calculate -15 - (8 + -14 - 41 - (-3 + -3)).
26
(291 - 331) + (72 - -4)
36
What is 10 + (12 - (25 + -47)) + -7 + -1 + 7?
43
Calculate (17 - (-3 + 6)) + (234 - 209).
39
0 + 3 + 1 + 3 + 40 + -69 + -18
-40
Evaluate -12 - -1 - (-65 + 172 + -66).
-52
What is -37 - (-71 - ((31 - 41) + 43))?
67
What is 70 - 101 - (56 + -108)?
21
Calculate 16 + (-4 + (-96 - (11 - -6)) - 4).
-105
What is 784 + -881 - (-5 - -8 - -13)?
-113
-4 + -1 + (-44 + -92 - -18) + 5
-118
What is the value of (-10 + 25 - 1) + (-56 - -4)?
-38
What is -21 - (75 + (33 - 86))?
-43
Calculate 27 + 10 + (-35 - -26) - -5.
33
Evaluate 18 + 11 + 4 + -39 - 30.
-36
Calculate -834 + 754 + (11 - (9 - -2)).
-80
Evaluate 86 + -1 + (1 + 13 - 12 - 13).
74
What is (45 - (60 + 0)) + -2 + 11 + -38?
-44
Evaluate -80 + 32 + -35 + 3 + 3 + 11.
-66
0 + 4 + -9 - (12 + -49 - (0 + 6))
38
-6201 - -6146 - (-86 - 0)
31
7 + -57 + 2 + 24 + -37 - (0 - 6)
-55
Calculate (1 + 41 - 5) + 3.
40
40 + (-90 - (-31 + 29))
-48
What is (14 - 9) + (-1 - (14 + -16) - (-2 + -38))?
46
What is -7090 + 7080 + 1 + -27 + 1 + 3?
-32
What is the value of (-281 - -184) + (-36 - -44)?
-89
(24 - 59) + -6 + 4 + -5 + -4
-46
What is the value of 24 + -19 + -16 + (0 - (-2 + -3))?
-6
Calculate (-42 - ((4 - 3) + 2)) + (-46 - (-18 + -21)).
-52
What is the value of (-159 - 2) + 141 + 74 + -1 + -2?
51
(-2 - (0 + 7 + -2)) + (63 - 66)
-10
Evaluate -6 + (53 - 12 - -21 - (0 - -1)).
55
Calculate -35 + 69 + 28 + -49.
13
Evaluate 18 + 0 + (-2 - -34) + -9.
41
What is the value of -13 + 2 - (37 - (31 + (-24 - -1) - 8))?
-48
(-1 - -22 - (-24 - (-14 + -21)) - -27) + 10
47
Evaluate -2 + (0 - (-1 - 4)) + 93 + -51.
45
What is the value of 10 + -1 + (-10 + 1 - (-82 + (-64 - -76)))?
70
Evaluate (-18 - 1) + (-28 + -5 - -35) + 11.
-6
Evaluate 1734 - 1772 - (1 - (84 + 1)).
46
17 + -12 + -10 - (114 + -131)
12
Evaluate (27 + (-2 - -1) - (0 + -1)) + -146 + 136.
17
-13 + 33 - (-46 + -2 + 18)
50
Evaluate -26 + 34 + -60 + 49.
-3
57 + -25 - (-53 - -39)
46
What is the value of 37 - (131 + 8 + -57)?
-45
Calculate -152 + 170 + (5 + -4 - -5).
24
-34 + (83 - 33) + (-83 - 0)
-67
-1 + -1 + 1 + -7 + (-18 - (-49 + -23))
46
(7 - (6 - 4)) + -20 + (-6 - 74) + -29
-124
What is the value of (0 - (3 + -2)) + -177 + 172?
-6
Evaluate -20 + 8 + (-8 - -1) - (-345 + 360).
-34
Evaluate (-35 - (41 - 38)) + (-1 - 17).
-56
What is -4171 - -4171 - (0 + (2 + -2 - -6))?
-6
What is 6 - (-8 + 13) - (1 - -8 - -1 - 53)?
44
Evaluate (-11 + 0 - 2 - (-139 - -135)) + (48 - 58).
-19
(1 - 70) + -4976 + 5078
33
What is -1 + (121 - -7) + 447 + -489?
85
Evaluate 10 + (2 - 16 - (-53 - (-50 - 3))).
-4
35 - ((-9 - -76) + -64 + -1 + 1 + -13)
45
What is 169 + -65 - 102 - 32?
-30
-74 + 3 + -1 + 2 + -48 + -939 + 994
-63
Calculate 39 - (4 - -122) - -46.
-41
Calculate -24 + 71 + (49 - 77).
19
109 - (11 + 18 + -23 + 6 + 6)
91
Calculate (4 + -12 - (-52 - -17)) + 76.
103
What is (2 + -3 - 57 - 3) + (51 - (93 + -46))?
-57
-71 + (0 - 0) + 265 + -258 + 14
-50
What is the value of (-23 - (-79 - -12)) + 0 + (3 - 0) + 2?
49
Evaluate (-7 - (8 + 0 + (30 - 38))) + 73 - 13.
53
Calculate -7 + (-1 + 2 - -24) - (185 + -239).
72
Calculate -11 + -4 + 4 + (-3 - (9 + -9)) - 5.
-19
(-70 - 22) + 32 - -16
-44
7 - -4 - (30 + -49)
30
What is the value of 7 + -16 - (16 - (53 + 5 + 0))?
33
What is -19 - ((21 - 6 - 11) + -9)?
-14
(9 + 9 - 15) + 8 - 23
-12
What is the value of (-70 - -64 - -42) + -13?
23
Evaluate 3 + (-60 - (-22 + -46) - (1 + 7)).
3
Calculate 58 + 293 + -153 + -254.
-56
Calculate -5 + 1 - (189 + -42) - -22.
-129
23 + -8 - (-3 + 56)
-38
What is 497 - 433 - (6 - -54)?
4
34 - (7 - 2) - (727 - 752)
54
Evaluate (-31 - -21 - -3) + -15 + -1.
-23
What is the value of 3 - -2 - -6 - (39 + -17 + 17) - 7?
-